. Suppose 0 = c - b*c + 25. Suppose 5*i - 63 - 9 = 2*y, 0 = -c*i + 4*y + 64. What is the greatest common factor of 176 and i?
16
Let w be (3/((-27)/(-6)))/((-40)/(-300)). Suppose -40*z - w*z = -1530. Calculate the greatest common factor of z and 170.
34
Let i be ((-122)/(-10) + 1)*(-21 + (-970)/(-20)). Calculate the greatest common divisor of i and 165.
33
Let a = 3 - -45. Suppose -4*y + 4*q = -a, 20*y - 16 = 17*y - 2*q. What is the greatest common divisor of 32 and y?
8
Let a be (-19)/(-6) + (-47)/282. Suppose 3*y = a*t - 81, -5*t + 4*y = -3*t - 56. Calculate the highest common factor of 260 and t.
26
Let v be (-15)/(-6)*9/5*(-1664)/(-624). What is the highest common divisor of 14184 and v?
12
Let f = 14957 - 12515. What is the highest common divisor of f and 66?
66
Let v(r) = -3*r + 29. Suppose 0 = 6*k - k - 2*g - 5, -2*k = g - 11. Let q be v(k). What is the highest common divisor of 60 and q?
20
Let m be (-26729)/(-14) + (-519)/2422. Calculate the greatest common factor of 581 and m.
83
Let f be 1*0/(-2) - -14. Let a(p) = -2*p**2 + 2*p + 183. Let s be a(10). Suppose -s*o + f = -o. What is the greatest common divisor of 14 and o?
7
Let s be (-3)/4 - ((-243)/(-12) + -5). Let u be (-1 - (24 + 1))*(-40)/s. Let c = 77 + u. What is the greatest common divisor of 24 and c?
12
Let c(z) = 37*z - 3942. Let a be c(151). What is the greatest common divisor of 25 and a?
5
Let n = -8205 - -8241. What is the highest common factor of n and 150?
6
Suppose -18*k + 58902 + 27650 = 8936. Calculate the highest common factor of k and 44.
44
Let x = -2039 + 2117. What is the greatest common divisor of 1086 and x?
6
Let d be 4/(-32) + 402201/72. Calculate the highest common factor of 735 and d.
147
Suppose -4*i - 116 = -4*k, 17*k + 5*i = 14*k + 79. Calculate the highest common divisor of 1004 and k.
4
Let o(u) = -12*u - 45. Let d be o(-24). Suppose -3*y + 2*c = -71, 0 = -7*c + 4*c + 15. What is the highest common divisor of d and y?
27
Let w be 6/(17*18/4590). What is the highest common divisor of w and 4302?
18
Suppose -w + d = 3*w - 20, w - d - 8 = 0. Suppose -3*g = 2*s - 177, 5*g - w*g = 3*s + 48. What is the highest common divisor of 6 and g?
3
Suppose 6071 = v + 2*f, 5*f - 2*f = -2*v + 12138. What is the greatest common divisor of 141 and v?
141
Let n be ((-347)/2)/((-1)/2). Suppose 394 = -3*v - 4*p, -11*p + 286 = -2*v - 9*p. Let o = v + n. What is the greatest common factor of o and 19?
19
Suppose 4*v + 197 - 109 = 4*z, 0 = 5*z + 5*v - 160. Calculate the highest common factor of z and 351.
27
Suppose 0 = 3*z - 186 + 45. Let b = -31 + z. Calculate the greatest common divisor of b and 80.
16
Let l be 16 + 0/(-2) + 1. Let x(u) = -221*u - 7327. Let y be x(-34). What is the greatest common divisor of y and l?
17
Let s(h) = h**3 - 9*h**2 + 11*h + 4. Let k be s(8). Let c be (-10 + 0)/(-2) - (7 + -7). Suppose 11 + 24 = c*m. What is the highest common divisor of m and k?
7
Let h be 12/30 + -6*(-67055)/50. What is the greatest common factor of h and 13?
13
Suppose b + j + 3*j = 13, 153 = 5*b - 2*j. Let r be (1 + b)*30/4. Calculate the greatest common divisor of r and 45.
45
Let m(q) = -8*q + 45. Let t be m(5). Suppose -2*l + t*a + 134 = 0, 0 = 7*l - 10*l + 2*a + 212. Calculate the greatest common factor of 18 and l.
18
Let k = -15644 - -15704. What is the greatest common factor of 5340 and k?
60
Suppose -5*i - m + 1469 = -i, -2*i - m + 737 = 0. Let l = i + -124. Suppose l = 15*z - 88. Calculate the greatest common divisor of z and 176.
22
Let k = -4496 - -11079. What is the highest common factor of 58 and k?
29
Let t(x) = 14 - 22 - x - 2*x**3 + 140 - x**2 + 21. Let v be t(0). What is the greatest common divisor of v and 9?
9
Let c = 117 + -113. Suppose -9*n + 533 = c*n. Calculate the greatest common factor of n and 123.
41
Suppose 7*r - 1 = 27. Suppose -3*f - r*n = -85, 26 = f + 3*n - 9. Calculate the greatest common divisor of 391 and f.
23
Let b be 11/(-33) - (-458)/6. Let j be 50/(((-2)/(-4))/(19/b)). Calculate the highest common factor of 50 and j.
25
Let z be (132/28)/((-45)/(-420)). What is the greatest common factor of z and 2706?
22
Let j be -248*6/(-108) - 12/(-54). Suppose -73 + 367 = j*h. What is the greatest common divisor of 189 and h?
21
Let b(u) = -u**2 + 7*u - 1. Let d(o) = -o + 2. Let z be d(-3). Let s be b(z). Calculate the greatest common factor of 540 and s.
9
Let u = -52515 + 52517. Let n be (-2 - -1 - 15)*-1. Calculate the highest common divisor of u and n.
2
Suppose 4*g = -4*m + 448, 3*g + 8 = -g. Let w = m - 38. Let o = -4167 + 4186. Calculate the greatest common divisor of w and o.
19
Let d = -73 - -304. Let l = -86 + d. Calculate the greatest common factor of 29 and l.
29
Suppose -391*j - 297840 = -646*j. What is the highest common divisor of 208 and j?
16
Let r = -3194 - -3213. What is the highest common divisor of 76 and r?
19
Let i(q) = q**3 - 7*q**2 + q - 2. Let s be i(7). Let u be 0 + 0 + 25/(-10)*-10. What is the greatest common divisor of s and u?
5
Let p be 30/(-24) - (-18267)/12. Suppose 4*h = -5*v + p, 7*h + 399 = 8*h - 5*v. Calculate the highest common divisor of h and 48.
48
Suppose 15*u - 55464 - 31753 = -17197. What is the greatest common divisor of 12 and u?
12
Let w be (-30630)/(-87) - (18 - 10920/609). Calculate the greatest common factor of w and 616.
88
Let h = -6003 - -6005. Suppose 2*z - 6 = -l + 36, 5*z + l - 102 = 0. What is the greatest common divisor of h and z?
2
Suppose -3*h + 17*h + 142912 = 0. Let s be (1 - -2)/((-96)/h). What is the highest common divisor of 29 and s?
29
Let l be -2 + -1 + (7 - 72/(-60)*5). Let w = -2 - -6. Suppose -216 = -2*f - 4*k + 6*k, -f + w*k + 102 = 0. Calculate the greatest common factor of l and f.
10
Let h = -1 + 35. Suppose -32*s - 1638 = -h*s. Suppose -174 = -j - 4*w, -w = -5*j - 4*w + s. Calculate the highest common divisor of 54 and j.
54
Let s = 67 + -79. Let j be (-46 - -1)*s/30. Suppose -78 + j = -5*p. Calculate the greatest common factor of 24 and p.
12
Let g = -2 - -5. Let l = -38 - -17. Let k be (-87)/(-4) - l/(-28). Calculate the highest common divisor of k and g.
3
Let a = -865 + 535. Let u = a + 400. Calculate the highest common divisor of u and 20.
10
Suppose -5*h + 6 = -3*h. Suppose 0 = h*d - 17 + 11. Suppose -2*g + 44 = d*r, -6*r + 2*r + 88 = -4*g. Calculate the highest common divisor of 55 and r.
11
Suppose 5444 + 18269 = 126*m - 9047. Calculate the highest common factor of m and 800.
20
Let l(a) = 3*a**2 + 107*a + 210. Let t be l(-2). What is the highest common factor of 4552 and t?
8
Suppose -2*f + 3 + 7 = 3*c, -4*f = 5*c - 20. Let x = c - -3. Let m be x*-2*18/(-36). Calculate the greatest common divisor of 9 and m.
3
Suppose -4*q = -5*d - 183, 7*d - 75 = -2*q + 4*d. Suppose 5*l - q = 8. Suppose 27 = z + b, -2*z + 4*b = -28 - 44. What is the greatest common factor of z and l?
10
Let p be 3850/176 - (-8)/64. Calculate the highest common divisor of p and 10.
2
Suppose 0 = -3*l + 15*l - 1620. Calculate the greatest common divisor of 5 and l.
5
Let g(w) = 417*w + 3. Let z be g(1). Let p(l) = 60*l**2. Let d be p(-1). What is the highest common factor of z and d?
60
Suppose 4*g - 538 = 5*p + 63, -2*p - 730 = -5*g. Let v(o) = -o**3 + 4*o**2 - 77*o + 324. Let q be v(4). What is the greatest common factor of q and g?
16
Let q be 7*-15*(-13)/(39/(-12)). Let c be ((-2)/(-4))/((-7)/q). Calculate the highest common divisor of c and 270.
30
Let f be (-3)/(6/(-257))*(-20 + -1 + 39). Calculate the highest common factor of 27 and f.
9
Suppose -74*h + 24*h + 22*h = -139748. What is the highest common factor of 93 and h?
31
Let p(k) = -82 + 83 + 22*k**2 - 2*k + 0*k. Let j be p(1). Suppose -2*b = s - 21, j = 2*s - s + 4*b. What is the greatest common factor of 168 and s?
21
Suppose 246*u - 273*u = -40095. What is the highest common divisor of 108 and u?
27
Suppose -911*h + 3978 = -905*h. What is the highest common factor of h and 195?
39
Suppose -3*i + 6*i = -4*s + 3077, 5*s + 3*i - 3844 = 0. Calculate the highest common factor of s and 13.
13
Let b = -231 + 224. Let z be 11 - -12 - (1 - b). What is the greatest common divisor of 285 and z?
15
Suppose 0 = -2*d + 31*g - 27*g + 7886, 0 = -2*g + 2. What is the greatest common divisor of d and 30?
15
Suppose 378*z - 330*z - 6528 = 0. Ca